rs of y?
17, 521
Let d = 3 + 1. Let q(f) be the second derivative of f**4/3 - 2*f**3/3 - 2*f**2 - 4*f + 8. What are the prime factors of q(d)?
2, 11
Suppose -4 = -0*u - 2*u. Let c(r) = 4*r**2 - 4*r + 1. Let j be c(u). Suppose 10*m - j*m - 91 = 0. What are the prime factors of m?
7, 13
Suppose -4*p - 5*a + 8537 = -19552, 4*p - 3*a = 28081. List the prime factors of p.
7, 17, 59
Suppose 5*l - 336 = -986. What are the prime factors of 5 + 630/l + 2702/13?
2, 13
Suppose -7020 = -4*t + 4*w, -1085 = -t + 3*w + 670. Let f = 2594 - t. List the prime factors of f.
839
Suppose -33*l + 36*l - 2360 = 2*h, 0 = -5*l + 5*h + 3930. What are the prime factors of l?
2, 197
Suppose 123*i + 176847 = 156*i. What are the prime factors of i?
23, 233
Suppose 0 = 2*w + 5*p - 50, w + p = -0*w + 22. Let h(r) = 9 - 41*r - 73 + 48*r. What are the prime factors of h(w)?
2, 19
Let c be 1164 + (-11)/((-33)/(-9)). Suppose 0*i = 3*i + 15, -4*g + c = 3*i. What are the prime factors of g?
2, 3, 7
Let j(y) = y**2 - 4*y - 3. Let s be j(11). Suppose 3*x - 8 = b, 2*x - 3*b = -6*b - 13. Let t = s + x. What are the prime factors of t?
3, 5
Suppose -l - 2*h + 2313 = -3*h, -6927 = -3*l - 3*h. Suppose l + 957 = 19*f. List the prime factors of f.
2, 43
Let k be 3 + -2 - (-51 + 9). Let x(s) = 11*s + 315. List the prime factors of x(k).
2, 197
Suppose 74*l = 72*l + 16. Suppose -1281 = -l*w + 5455. List the prime factors of w.
2, 421
Suppose -327*j + 357*j = 843540. List the prime factors of j.
2, 17, 827
Let a = 14072 - 11956. What are the prime factors of a?
2, 23
Suppose 73*r - 51360 = 63*r. List the prime factors of r.
2, 3, 107
Let y(r) = 49*r - 244. Let b be y(32). Suppose 0 = -b*f + 1331*f - 4158. List the prime factors of f.
2, 3, 11
Suppose -2*d + 133 = -d. Suppose -559 + d = -n. What are the prime factors of n?
2, 3, 71
Let d(l) = -9 + 16*l - 19*l - 28*l. Let c be (-3)/(-9) - (-7)/(-3). List the prime factors of d(c).
53
Let t be -5*(-3)/45*555. Let n be 4/26 + 1 + t/65. Suppose n*x + 137 - 897 = 0. What are the prime factors of x?
2, 5, 19
Suppose 10*q + 0*q - 10 = 0. Let j be (-68)/(5 - q)*1*-1. Suppose 0 = -15*b + j*b - 392. List the prime factors of b.
2, 7
Let q = 55782 - 32908. List the prime factors of q.
2, 11437
Let d(j) = -26 - 257*j - 266*j + 777*j - 262*j. Let s = -18 - 1. What are the prime factors of d(s)?
2, 3, 7
Let o = 60981 + -29341. What are the prime factors of o?
2, 5, 7, 113
Let j(x) = 19*x**2 - 2*x + 474. What are the prime factors of j(24)?
2, 3, 5, 379
Let i = 163 + -153. What are the prime factors of i/(-15)*2*-954?
2, 3, 53
Let c(l) = -27*l**3 + 218*l**2 - 13*l. What are the prime factors of c(-6)?
2, 3, 2293
Let l be ((-2)/(-10) - 9339/(-55))*218. List the prime factors of l/44 - 33/121.
2, 421
Let z be 3/(18/(-472))*(-174)/116. Suppose z = -4*o + 2198. What are the prime factors of o?
2, 5, 13
Let b(c) = 3*c - 154 - 2*c + 149. Let h be b(-7). What are the prime factors of 28/h + 2 - (-686)/6?
2, 3, 19
Let v(g) = 31*g**2 - 8*g + 9. Let b = 52 - 48. Let i be v(b). Suppose -i + 33 = -4*q. What are the prime factors of q?
2, 5, 11
Suppose 10*l + 5812 - 22832 = 0. Suppose 0 = -4*y - 5*f + l, -3*y - f = -1011 - 260. What are the prime factors of y?
3, 47
Suppose 15 = -5*u - 5*n, 7*n - 8*n = -u + 5. List the prime factors of -6 + (u + 6 - -739).
2, 5, 37
Let w(i) = 405*i**3 - 2*i**2 + 14*i - 3. What are the prime factors of w(3)?
2, 3, 11, 83
Suppose -4*f + 5*k = -20, -4*k - 25 = -9*f + 4*f. Suppose -3*g + f*z + 1748 = -0*g, 2*z + 1763 = 3*g. What are the prime factors of g?
3, 197
Suppose 5*p = 3*y + 927 - 97224, 9*y = 4*p + 288825. List the prime factors of y.
32089
Let b = -10508 + 11127. Let p be (-1 - -733)*2/(-4). Let n = b + p. What are the prime factors of n?
11, 23
Let o(c) = 4*c**2 + 44*c - 415. What are the prime factors of o(-19)?
193
Suppose 0 = -2*n, 3*f - 3*n = -0*n + 483. Suppose l = -4*w + 232, 0*w + 3*w = -4*l + f. Let d = w - 20. List the prime factors of d.
3, 13
Suppose -4453410 + 131353 = -83*y + 1756780. What are the prime factors of y?
3, 24413
Let j(m) = 117*m + 10. Let g be j(1). Let f = 724 + -359. Suppose i - g = -d, -6*d = -3*d - i - f. List the prime factors of d.
3, 41
Let b = 185 + -373. Let c = 181 - b. What are the prime factors of c?
3, 41
Suppose 6887 = 2*j - w, 0*j - 13780 = -4*j + 4*w. What are the prime factors of j?
2, 1721
Let t = -560 - -11855. What are the prime factors of t?
3, 5, 251
Let w = 22205 - 9080. Suppose -19*b - 6*b = -w. What are the prime factors of b?
3, 5, 7
What are the prime factors of (-5 - -1 - (180 + -181)) + 35157/3?
2, 29, 101
Let w be 15/(-5) - -3 - 0. Let g(b) = 21 + w*b - 71 + 122 + 2*b. What are the prime factors of g(-27)?
2, 3
Let l(d) = 1311*d**3 + 4*d. List the prime factors of l(2).
2, 41
Let s = 24914 - 12867. What are the prime factors of s?
7, 1721
List the prime factors of (-7)/10*4*(-50046)/(-133)*-10.
2, 3, 439
What are the prime factors of ((-38)/10)/(229/(-306860))?
2, 19, 67
Let h(b) = -b**2 + 15*b - 31. Let j be h(12). Suppose x - 8*k + 7*k = 547, j*x = -k + 2735. What are the prime factors of x?
547
Let v = -138 - -222. Suppose 63*i + v = 69*i. What are the prime factors of i?
2, 7
List the prime factors of (-1)/(-2)*1*(74181 - -1).
29, 1279
Suppose -3*k + 6 = 0, -3*s - 5*k + 6 = -4*s. Suppose -2 = 3*d - s*d. Suppose -82 = -d*l + 100. List the prime factors of l.
7, 13
Let v(t) = -10170*t + 62. List the prime factors of v(-2).
2, 101
Let b be 430 - (-2)/1*15/(-10). Suppose 179 = 3*m - b. Suppose 0 = -3*w + 3*h + 2*h + m, -3*w - h = -172. What are the prime factors of w?
59
Suppose -5*a - 15800 = 35*a. Let c = 1129 - a. What are the prime factors of c?
2, 3, 127
Let l = 6623 - 4956. What are the prime factors of l?
1667
Let l(d) = 3*d**3 - 10*d**2 - 11*d - 3. List the prime factors of l(10).
3, 17, 37
Let g = 120 + -86. Suppose -35*h = -g*h - 469. What are the prime factors of h?
7, 67
What are the prime factors of 227544/(-190)*10/(-4)?
2, 3, 499
Suppose 0 = -5*t + 2*g + 66951, -12*g + 12 = -16*g. List the prime factors of t.
3, 4463
Let b be 29/58 + -14*(-3)/(-4). Let n(p) = 2*p + 24. Let m be n(b). Suppose -3*h - m*a + 307 = -34, -4*h + 460 = 4*a. List the prime factors of h.
7, 17
List the prime factors of (36 + -3)/(4 - (-3284)/(-824)).
2, 11, 103
Suppose -95*u = -1014159 - 2140886. What are the prime factors of u?
33211
Let d(l) = 0 - 4 - 5 + 4 + 20*l. Let i(c) = -7*c + 2. Let k(h) = 6*d(h) + 17*i(h). What are the prime factors of k(1)?
5
Suppose -5*j = 4*l - 15, -1 + 5 = -4*j. Suppose 4*r + 1 + 11 = l*v, 3*v + 3*r - 18 = 0. Suppose -77 = -v*i + 3*i. List the prime factors of i.
7, 11
List the prime factors of ((-288)/(-240))/(9/215265).
2, 113, 127
Let f(r) be the first derivative of r**4/4 + 5*r**3/3 + r**2/2 + 7*r + 5. Let m be f(-5). List the prime factors of (-3)/6*(-2)/m*134.
67
Suppose 5*m = 3*j - 3, j = -0*m + 2*m + 1. Suppose t + 4*n - 52 = -t, m = -5*t - 3*n + 151. What are the prime factors of -1 + t + (9 - 7)?
3, 11
Let y = -43 + 38. List the prime factors of 43*(43 + 1 + y).
3, 13, 43
Let q = 1196 - -394. Let v = q + -1129. What are the prime factors of v?
461
Suppose 0 = 5*p - 5, 290*j + 5*p = 293*j - 32467. What are the prime factors of j?
2, 3, 11, 41
Let y(k) = -3*k - 44. Let b be y(-14). List the prime factors of (-3)/b*-1 - (-3285)/6.
2, 3, 7, 13
Let c(t) = -t**3 + 4*t**2 - 18*t - 296. List the prime factors of c(-21).
29, 383
Let a = -23581 + 29799. What are the prime factors of a?
2, 3109
Let x(q) = 2*q**2 - 3*q - 13. Let g be x(5). Suppose -5*w + 4*t + 192 = 0, t - 11 - g = -w. List the prime factors of w.
2, 3
What are the prime factors of -946*8/(-16)*49?
7, 11, 43
Suppose -437 = -3*g - p, 10*g - 2*p = 6*g + 586. What are the prime factors of -69*(g/(-12) + (-1)/(-6))?
2, 3, 23
Let u = -33203 - -80650. What are the prime factors of u?
17, 2791
Let t(i) = -166*i**3 - 47*i**2 + i + 16. What are the prime factors of t(-5)?
2, 7, 1399
Let r be ((-20)/8 + 4)/((-6)/(-824)). Suppose 4*y + r = 2*q, y - 2*q + 155 = -2*y. Let w = y + 61. List the prime factors of w.
2, 5
Suppose -3*b = 5*x - 937, -6*x = -b - x + 299. Suppose 0 = -5*y - 4*k + 5, -3*k = -1 + 16. Suppose y*a - 91 = b. List the prime factors of a.
2, 5
Let r be 6 - (-3)/(-1) - (2 - 3). Supp